{"version":"1.0","provider_name":"EXPECT_Art","provider_url":"https:\/\/www.expectart.eu\/ca\/","title":"Postal de la confer\u00e8ncia de Budapest - EXPECT_Art","type":"rich","width":600,"height":338,"html":"<blockquote class=\"wp-embedded-content\" data-secret=\"ZZAjM41GEb\"><a href=\"https:\/\/www.expectart.eu\/ca\/postal-de-la-conferencia-de-budapest\/\">Postal de la confer\u00e8ncia de Budapest<\/a><\/blockquote><iframe sandbox=\"allow-scripts\" security=\"restricted\" src=\"https:\/\/www.expectart.eu\/ca\/postal-de-la-conferencia-de-budapest\/embed\/#?secret=ZZAjM41GEb\" width=\"600\" height=\"338\" title=\"&#8220;Postal de la confer\u00e8ncia de Budapest&#8221; &#8212; EXPECT_Art\" data-secret=\"ZZAjM41GEb\" frameborder=\"0\" marginwidth=\"0\" marginheight=\"0\" scrolling=\"no\" class=\"wp-embedded-content\"><\/iframe><script>\n\/*! This file is auto-generated *\/\n!function(d,l){\"use strict\";l.querySelector&&d.addEventListener&&\"undefined\"!=typeof URL&&(d.wp=d.wp||{},d.wp.receiveEmbedMessage||(d.wp.receiveEmbedMessage=function(e){var t=e.data;if((t||t.secret||t.message||t.value)&&!\/[^a-zA-Z0-9]\/.test(t.secret)){for(var s,r,n,a=l.querySelectorAll('iframe[data-secret=\"'+t.secret+'\"]'),o=l.querySelectorAll('blockquote[data-secret=\"'+t.secret+'\"]'),c=new RegExp(\"^https?:$\",\"i\"),i=0;i<o.length;i++)o[i].style.display=\"none\";for(i=0;i<a.length;i++)s=a[i],e.source===s.contentWindow&&(s.removeAttribute(\"style\"),\"height\"===t.message?(1e3<(r=parseInt(t.value,10))?r=1e3:~~r<200&&(r=200),s.height=r):\"link\"===t.message&&(r=new URL(s.getAttribute(\"src\")),n=new URL(t.value),c.test(n.protocol))&&n.host===r.host&&l.activeElement===s&&(d.top.location.href=t.value))}},d.addEventListener(\"message\",d.wp.receiveEmbedMessage,!1),l.addEventListener(\"DOMContentLoaded\",function(){for(var e,t,s=l.querySelectorAll(\"iframe.wp-embedded-content\"),r=0;r<s.length;r++)(t=(e=s[r]).getAttribute(\"data-secret\"))||(t=Math.random().toString(36).substring(2,12),e.src+=\"#?secret=\"+t,e.setAttribute(\"data-secret\",t)),e.contentWindow.postMessage({message:\"ready\",secret:t},\"*\")},!1)))}(window,document);\n\/\/# sourceURL=https:\/\/www.expectart.eu\/wp-includes\/js\/wp-embed.min.js\n<\/script>\n","thumbnail_url":"https:\/\/www.expectart.eu\/wp-content\/uploads\/2025\/06\/505753987_122230219376243865_8827011698049213482_n.jpg","thumbnail_width":2048,"thumbnail_height":1536,"description":"L&#8217;equip d&#8217;EXPECT_Art es va reunir recentment a Budapest per a la nostra primera confer\u00e8ncia internacional &#8220;Recerca comunit\u00e0ria, teoria decolonial i educaci\u00f3&#8221;. L&#8217;esdeveniment va ser una oportunitat incre\u00efble per reflexionar sobre el nostre progr\u00e9s, intercanviar perspectives i aprofundir la nostra comprensi\u00f3 dels reptes del treball de camp. Vam explorar noves idees i vam refor\u00e7ar el nostre [&hellip;]"}

Postal de la conferència de Budapest - EXPECT_Art

<blockquote class="wp-embedded-content" data-secret="ZZAjM41GEb"><a href="https://www.expectart.eu/ca/postal-de-la-conferencia-de-budapest/">Postal de la conferència de Budapest</a></blockquote><iframe sandbox="allow-scripts" security="restricted" src="https://www.expectart.eu/ca/postal-de-la-conferencia-de-budapest/embed/#?secret=ZZAjM41GEb" width="600" height="338" title="&#8220;Postal de la conferència de Budapest&#8221; &#8212; EXPECT_Art" data-secret="ZZAjM41GEb" frameborder="0" marginwidth="0" marginheight="0" scrolling="no" class="wp-embedded-content"></iframe><script>
/*! This file is auto-generated */
!function(d,l){"use strict";l.querySelector&&d.addEventListener&&"undefined"!=typeof URL&&(d.wp=d.wp||{},d.wp.receiveEmbedMessage||(d.wp.receiveEmbedMessage=function(e){var t=e.data;if((t||t.secret||t.message||t.value)&&!/[^a-zA-Z0-9]/.test(t.secret)){for(var s,r,n,a=l.querySelectorAll('iframe[data-secret="'+t.secret+'"]'),o=l.querySelectorAll('blockquote[data-secret="'+t.secret+'"]'),c=new RegExp("^https?:$","i"),i=0;i<o.length;i++)o[i].style.display="none";for(i=0;i<a.length;i++)s=a[i],e.source===s.contentWindow&&(s.removeAttribute("style"),"height"===t.message?(1e3<(r=parseInt(t.value,10))?r=1e3:~~r<200&&(r=200),s.height=r):"link"===t.message&&(r=new URL(s.getAttribute("src")),n=new URL(t.value),c.test(n.protocol))&&n.host===r.host&&l.activeElement===s&&(d.top.location.href=t.value))}},d.addEventListener("message",d.wp.receiveEmbedMessage,!1),l.addEventListener("DOMContentLoaded",function(){for(var e,t,s=l.querySelectorAll("iframe.wp-embedded-content"),r=0;r<s.length;r++)(t=(e=s[r]).getAttribute("data-secret"))||(t=Math.random().toString(36).substring(2,12),e.src+="#?secret="+t,e.setAttribute("data-secret",t)),e.contentWindow.postMessage({message:"ready",secret:t},"*")},!1)))}(window,document);
//# sourceURL=https://www.expectart.eu/wp-includes/js/wp-embed.min.js
</script>

L&#8217;equip d&#8217;EXPECT_Art es va reunir recentment a Budapest per a la nostra primera conferència internacional &#8220;Recerca comunitària, teoria decolonial i educació&#8221;. L&#8217;esdeveniment va ser una oportunitat increïble per reflexionar sobre el nostre progrés, intercanviar perspectives i aprofundir la nostra comprensió dels reptes del treball de camp. Vam explorar noves idees i vam reforçar el nostre [&hellip;]
